j - 16. Let f be u(-6). Suppose -3*h - 21*o + 20*o = -1082, -5*h + 1802 = f*o. What is the hundreds digit of h?
3
Let b(m) = -m + 2*m**2 - 14*m**2 + 8 + 7*m + 4*m**2. Let u(y) = -23*y**2 + 17*y + 25. Let d(c) = 17*b(c) - 6*u(c). What is the tens digit of d(5)?
3
What is the tens digit of (1089522/(-21))/(18/(-27))?
2
Let f = -80 - -83. Suppose -2*k = -p + k - 11, 5*p = -f*k - 37. What is the hundreds digit of p/(-3)*((-1465)/(-20) + 4)?
2
Let q be 124/32 + 3/24. Let z be 354/q - (-12)/(-8)*1. Suppose -5*i + 223 = -z. What is the units digit of i?
2
Suppose 2*x + 5*m = 0, -5*m = -5*x - 38 + 3. Let s = 0 - x. Suppose k + s - 25 = 0. What is the units digit of k?
0
Suppose -67*s = -745164 - 3085917 + 444901. What is the units digit of s?
0
Let o(z) = -2*z - 6. Let h be o(-3). Let g be h + (-15)/((-25)/5). Let y(r) = -r**3 + 5*r**2 + 5*r - 3. What is the units digit of y(g)?
0
Suppose 0 = 153*x - 244380 - 187998. What is the tens digit of x?
2
Let u = 232 + -129. Let h = u + -91. Suppose 427 = 3*o + 4*p, 0 = -o - 14*p + h*p + 145. What is the tens digit of o?
3
Let w(n) = -56*n - 209. Suppose 9*p - 13 = -130. What is the tens digit of w(p)?
1
Suppose 4*o + 47 = -2*s + 39, -4 = 2*o - 4*s. What is the tens digit of (-165)/(-132)*(o + 194)?
4
Let b = 1189 + -589. Let g = b + -154. What is the tens digit of g?
4
Let u(t) = 39*t + 95. Let g be u(-8). Let a = g + 762. What is the tens digit of a?
4
Suppose 9*f + 2*x = 4*f + 184, 0 = f + 2*x - 32. Let u = f - 38. What is the tens digit of u/2 - (17 + -269)?
5
What is the hundreds digit of -3 + 8595 + (-4)/(-6)*(-141)/(-94)?
5
Let w(c) = 0*c**2 - 2*c**2 + 24 + 30*c - 43. Let l be w(17). Let x = l - -107. What is the tens digit of x?
2
What is the tens digit of 18/(252/35)*(1 + 15752 + 1)?
8
Let r(j) = 2*j**2 - 18*j - 38. Let f be r(11). Suppose 3*p = f*p - 1317. What is the units digit of p?
9
Let n(h) = -233*h**3 + 11*h**2 + 24*h + 22. What is the ten thousands digit of n(-5)?
2
Suppose -3*y + 31635 = -3*a, -101*y - 4*a + 52716 = -96*y. What is the thousands digit of y?
0
Suppose 0 = -91*u + 95*u - 7456. What is the thousands digit of u?
1
Let x = -9 + 14. Let w(o) = -o**2 + 4*o + 5. Let g be w(x). Suppose -2*r - 2*r + 152 = 2*k, g = 2*k + r - 161. What is the units digit of k?
2
Suppose 0 = -385*c + 188*c + 1474939. What is the tens digit of c?
8
Suppose 26 = 3*f + 20. Suppose f*w - 46 = w. What is the tens digit of w/(50/15 + -3)?
3
Let g(v) = 695*v**2 + 860*v + 6. What is the thousands digit of g(8)?
1
Suppose 16716 = 69620*i - 69608*i. What is the tens digit of i?
9
Suppose 0 = -20*w + 32*w + 4464. Let s = -351 - w. What is the units digit of s?
1
Let b = -4400 - -7303. What is the hundreds digit of b?
9
Let k = 9328 + -6973. What is the units digit of k?
5
What is the tens digit of (-576648)/(-180) + (-1 - (-14)/10)?
0
Let y be (4 - 3) + 228/19. Suppose -15438 = -y*x + 877. What is the hundreds digit of x?
2
Suppose 240513 = -89*x + 128*x. What is the units digit of x?
7
Let b(j) = -j - 6. Let d be b(-5). Suppose 54*s = 72*s + 18. What is the units digit of (-175 + s)/d + (10 - 13)?
3
Let w be (0/(-1))/(-2 - (-5 + 4)). Let c be 3/(-6 - w)*436. Let u = c + 372. What is the tens digit of u?
5
Let c be 1584/(-40) - (-4)/(-10). Let k be (-2)/2 + (73 - (1 - 2)). Let x = k + c. What is the tens digit of x?
3
Let y(n) = 12*n - 216. Let q be y(18). Suppose 9*p - 7*p + g - 920 = 0, q = -5*p - 5*g + 2310. What is the hundreds digit of p?
4
Suppose -86*s - 54146 = -2*g - 82*s, -2*g - 3*s = -54174. What is the hundreds digit of g?
0
What is the ten thousands digit of (17559 - -38)*(-3)/12*-4?
1
Suppose -4*c - 4*k = -20, 2*k + 2 = 2*c + 4. Suppose -2*h = -c*w + 158, -w + 156 = w - 3*h. Suppose f - w - 27 = 0. What is the tens digit of f?
0
Let u(b) = 9*b - 74. Let d be u(21). Let c be (8/6)/(8/1212). Let q = c - d. What is the tens digit of q?
8
Let l(c) = -c**2 - 3*c + 6. Let w be l(-4). Suppose 3*t + 11 = -w*k, -7 = 3*k - t - 4*t. What is the tens digit of (-114 - (-4 - k))/(-2)?
5
Let r(j) = 11*j**2 + 8 - 30*j**2 + j**3 + 9*j + 11*j**2. Let o be r(7). What is the tens digit of (-6)/(-33) - (-4 + (-2790)/o)?
3
Suppose 16*r - 3*n - 1708 = 12*r, n + 2124 = 5*r. Suppose 0 = h - 3*y - r, 4*h - 3*y + 1320 = 7*h. What is the hundreds digit of h?
4
What is the tens digit of 5204529/759 + 10/(-115)?
5
Let f(d) = -2*d - 4*d**3 + 2*d**2 + 1 + d + 5*d**2 + 15*d - 2*d**2. What is the hundreds digit of f(-5)?
5
Let q be 79776/(-192)*(-2)/(-3). Let b be (-3 + 9)/((-3)/82). Let z = b - q. What is the tens digit of z?
1
What is the ten thousands digit of -17 + (-1793)/(-99) + 374183/9?
4
Let m = 9798 - 826. What is the hundreds digit of m?
9
What is the thousands digit of 385304/14 + ((-45)/189*3 - -1)?
7
Let w be (-381)/(-1) + (-4 - -2)/2. Suppose c = -4*r + 1979 - w, -2*r - 3*c = -797. What is the units digit of r?
0
Suppose 4*l - 5*p + 731 = -364, 0 = l + 2*p + 290. Let k = -126 - l. What is the tens digit of k?
5
What is the thousands digit of ((-362)/4 - -2)/(87/(-6844))?
6
Let z = -19310 + 43462. What is the units digit of z?
2
Let t(u) be the first derivative of 73*u**2 + 5*u + 3. What is the units digit of t(5)?
5
Let k(n) = 148*n**2 - 43*n + 94. What is the thousands digit of k(11)?
7
Let t = -70 + 110. What is the tens digit of 1342/6 - t/(-30)?
2
Suppose 556*y = 543*y + 141453. What is the tens digit of y?
8
What is the hundreds digit of 354/(2 + (-1632)/182*(-2)/(-9))?
3
Let q(z) = z**2 - 12*z - 34. Let h be q(15). Suppose 38 = h*l - 39. What is the units digit of l?
7
Let f be 2048/(-12)*(-3 + -3). Suppose -4*w + 2*w = -f. What is the units digit of w?
2
Suppose -b - 19 + 10 = 0. Let v be (-459)/(-4) - b/36. What is the tens digit of v + 5/(20/8)?
1
Let w be -2 + 2 + 2 + -21 + 1. Let n = 254 - w. What is the units digit of n?
2
Let u(x) = -x**3 - 5*x**2 - 10*x - 9. Let k be u(-4). Suppose 4*i + 4*y = 528, 0 = -y + 4*y + k. Suppose 643 = 5*p - i. What is the hundreds digit of p?
1
Let o = 8279 - -25016. What is the ten thousands digit of o?
3
Let k = 14103 + 21484. What is the thousands digit of k?
5
Let u = -266 - -281. Suppose -u*o + 26942 = 23*o. What is the tens digit of o?
0
What is the ten thousands digit of (-24 + (-1900)/(-75))*(0 - -19908)?
2
Let u(g) = 2*g**3 + g**2 - 2*g + 4. Let m be u(-2). Let b(q) = -9*q + 4. Let h be b(m). Let c = -36 + h. What is the units digit of c?
4
Let o(n) = -4388*n**3 - 3*n**2 - 20*n - 23. What is the ten thousands digit of o(-2)?
3
Suppose 2*q - 7013 = z - 230, 10171 = 3*q - 5*z. Suppose 6*u - 2*k = 4*u + 1358, q = 5*u - 4*k. What is the units digit of u?
6
Let o(k) = 3*k - 43. Suppose -5*r = -2*r - 48. Let h be o(r). Suppose h*w + 2*z = 327, 5*z - 248 = -5*w + w. What is the tens digit of w?
6
Let c(s) = -315*s - 4. Let l = -118 - -121. Let m(n) = n**2 - 5*n + 5. Let d be m(l). What is the hundreds digit of c(d)?
3
Let m = 3700 + -1933. Let k = m + -880. What is the hundreds digit of k?
8
Let w be (46/(-5))/((-4)/(-6) + (-84)/180). Suppose -3*v + 47 = -472. Let s = v + w. What is the tens digit of s?
2
Suppose 4*x = -2*j + 24, 19*j = 17*j - 3*x + 20. Let w(y) = 51*y + 43. What is the tens digit of w(j)?
4
Let i = 315 - -96. Let q = i + -189. What is the hundreds digit of q?
2
Let d be (90/(-8))/(60/(-1040)). Suppose 200*c - d*c = 5030. What is the hundreds digit of c?
0
Let q be (-1)/(-5) - (-637)/(-35). Let u = q + 23. Suppose -n + 48 = u*n. What is the units digit of n?
8
Let y(m) = 9*m + 86. Let k be y(-9). What is the tens digit of 6 + (-4 - -4 - k) - -648?
4
Let b be -4*(-6)/96*-1684. Let z = b + 797. What is the tens digit of z?
7
Let z(u) = 5*u**2 + 7*u - 502. What is the units digit of z(24)?
6
Suppose 0 = 5*i + 8*r - 4*r - 208012, -i + 2*r = -41622. What is the units digit of i?
8
Suppose 12*y = 8*y + 772. Let o = 29 + y. What is the hundreds digit of o?
2
Suppose 11302 = j + 1829 - 11543. What is the ten thousands digit of j?
2
Let k = 244 + -193. Let o = k - -1069. What is the tens digit of o?
2
Let j(n) = 14*n + 24. Let o be j(-1). What is the units digit of (-4)/(-10) + (1 - (-7756)/o)?
7
What is the units digit of (3 + 0)*(83 + 1010)?
9
Suppose -130*y = -9610386 + 2752496. What is the tens digit of y?
5
Let d = 1268 + -2335. Let a = -595 - d. Suppose 5*k